 What are the prime factors of c(27)?
3, 43
Suppose -2*a + 3*s = -2*s - 6, 2*a - 3*s - 2 = 0. Let u be (19 - 1) + -1 + 2. Let b = u + a. List the prime factors of b.
17
Let u(s) = s**3 + 16*s**2 - 16*s + 20. Let r be u(-17). Suppose r*g + 2*g = -2*t + 77, g = 3. What are the prime factors of t?
31
Let m(j) = j**3 - 5*j**2 + 7. Let t be m(5). Let f = -1 + t. Let s(k) = 6*k. What are the prime factors of s(f)?
2, 3
Let c(z) be the third derivative of z**5/60 - z**4/8 + 5*z**3/3 + 2*z**2. Let h be c(4). Let o = h - -8. List the prime factors of o.
2, 11
Let x = -1911 + 2153. List the prime factors of x.
2, 11
Let p(t) = -10*t**3 - 5*t**2 - 7*t + 3. What are the prime factors of p(-4)?
3, 197
List the prime factors of (-104)/13 - (-514 + -1).
3, 13
Suppose -193 = -3*r + 941. What are the prime factors of r?
2, 3, 7
Let l(u) be the third derivative of -u**5/60 - 7*u**4/12 - u**3/3 + 3*u**2. Let b be l(-14). What are the prime factors of (b - -1) + 2*13?
5
Let b = 318 - 239. What are the prime factors of b?
79
Suppose 0 = -2*h + 6, -h = -n + 78 + 80. List the prime factors of n.
7, 23
Suppose -16*g = 12*g - 112. Suppose -32 = -4*z + 3*l, z - 3*l + 0*l - 17 = 0. Suppose -3*a - z*j = -84, a - j + g*j = 24. What are the prime factors of a?
3, 11
Suppose 2*l + 3*l - 102 = 2*u, -4*l + 79 = u. Suppose -10 - 32 = -4*k + m, 5*k + 2*m - 59 = 0. Let v = l + k. What are the prime factors of v?
31
Suppose 5*h - 3*u = 7, h - u - 3 + 2 = 0. Suppose h*o = -o + 207. What are the prime factors of o?
3, 23
Suppose 27*a = 32*a - 300. Suppose -3*f = 2*f - 5*l + a, -2*f - 3*l = 39. Let k = f + 63. List the prime factors of k.
2, 3
Let o(n) = -n**3 + 13*n**2 + 2*n + 1. Let t(g) = g**3 + 4*g**2 - 2*g + 5. Let k be t(-4). What are the prime factors of o(k)?
3
Let m be 272/(-2)*(-125)/20. Suppose 37*b - 42*b + m = 0. List the prime factors of b.
2, 5, 17
Suppose j - 4*z - 30 = -0*z, -138 = -4*j - 2*z. Suppose -2*m - 4*u + 84 = -j, 5*u = -m + 50. What are the prime factors of m?
5, 13
Let t = -30 - -22. Let v(q) = -q**2 + 2*q - 15. Let w be v(t). Let y = -42 - w. What are the prime factors of y?
53
Let z(o) = -o + 2. Let k be z(2). Suppose -24 = 4*a - k. What are the prime factors of (-304)/a + 40/30?
2, 13
Suppose 0 = -4*b - 24 - 4. Let z = -2 - b. Suppose -2*m = -3*h - z, -3*h + 2*h = -1. What are the prime factors of m?
2
Let j be 4 + (60/(-3))/5. Suppose -2*h + 14 = 5*g - j*h, -12 = -3*g - 3*h. Suppose -1 = -n, 47 = 2*l + g*n - 51. What are the prime factors of l?
2, 3
Let i(h) = h + 1. Let z(x) = 2*x**3 + 4*x**2 - x + 11. Let m(q) = -5*i(q) + z(q). What are the prime factors of m(2)?
2, 13
Suppose 23 - 401 = -2*r. What are the prime factors of r?
3, 7
Let g be (-1)/(-5) + 2064/80. Let f = g - 15. What are the prime factors of f?
11
Let x(y) = -72*y - 34. List the prime factors of x(-6).
2, 199
Suppose 6 = 2*n - 2. Suppose -5*h + 2*h = n*i - 449, -4*h = -4*i + 484. List the prime factors of i.
2, 29
Let j = 43 + -37. List the prime factors of (67/3)/(2/j).
67
What are the prime factors of (69 - (2 - 3)) + 5?
3, 5
Suppose p = -4*a + 1513, -a - 3*p = -4*p - 377. List the prime factors of a.
2, 3, 7
Let q be (-2)/(-1 + 3)*0/15. Suppose -4*t + 2*t + 52 = q. List the prime factors of t.
2, 13
Suppose 0 = 6*t - 60. Let r be 148 - t - (1 - 5). Suppose -2*i + r = -0*i. List the prime factors of i.
71
Suppose -3*f - 4 = y, -f - 8 = f. Suppose 0 = -5*c + y + 27. What are the prime factors of c?
7
What are the prime factors of (3 + 1143/(-15))*170/(-4)?
3, 17, 61
Suppose 5*j - 75 = 20. Suppose 0 = -3*f - 4*x + 73 - 27, 2*f = -5*x + j. Suppose -68 + f = -2*v. List the prime factors of v.
23
Suppose 0 = 3*h - 0*h - 18. Suppose -3*v - 3 = -3*s + h, 4*s = -5*v + 12. Suppose -7*i = -s*i - 104. List the prime factors of i.
2, 13
Let f = 31 - 51. Let g be ((-15)/f)/(2/8). What are the prime factors of -2*((-51)/6 + g)?
11
Let l(w) = 23*w**2 - 16*w + 36. List the prime factors of l(-5).
691
Suppose 3*c + 2*c - 4*w - 514 = 0, -2*w = 2*c - 202. Let v = -72 + c. List the prime factors of v.
2, 3, 5
Let c be (5 - 5)/(0 - -2). Suppose c = -4*v - v - 10, 4*v + 138 = 5*m. What are the prime factors of m?
2, 13
Suppose -11*s + 10*s + 5*d = -899, -4*s + 3528 = -3*d. List the prime factors of s.
3, 293
Let y be (-85)/(-34) + 3/2. Suppose y*z - 901 = r, 122 = z + 2*r - 110. List the prime factors of z.
2, 113
Suppose 3*h - 1553 = 2*x + 2096, -5*h - x = -6073. What are the prime factors of h?
3, 5
Let q(r) = -59*r**3 + 9*r**2 + 29*r + 3. List the prime factors of q(-3).
2, 3, 5, 53
Suppose 6*n - 2*n + 5*h = -53, -3*n = 5*h + 41. Let m(z) = 2*z**2 + 7*z - 35. List the prime factors of m(n).
13
Let q = 90 + -87. Suppose 4*a - 627 = c - 2*c, 2*a = -q*c + 311. What are the prime factors of a?
157
Let j be (445/(-20))/(3/12). Let f = 150 + j. List the prime factors of f.
61
Let i(s) = s**2 + 6*s - 9. Suppose -a + 63 = -8*a. What are the prime factors of i(a)?
2, 3
Let p be 2 - 2 - 198/(-1). Let h be 4/14 - p/(-42). Suppose 457 = h*d + 112. List the prime factors of d.
3, 23
Let s(k) = k + 4. Let z be s(-11). List the prime factors of z/((-35)/(-15)) + 99.
2, 3
Let i(p) = -p**3 - 4*p**2 + 9*p + 14. Let q(a) = -a**3 + a**2 + 2*a + 6. Let l be q(3). What are the prime factors of i(l)?
2
Let w(o) = -15*o**2 - o + 17. Let v(s) = 7*s**2 + 257*s - 257*s - 8. Let h(g) = 9*v(g) + 4*w(g). List the prime factors of h(-3).
5, 7
Suppose -5*r - 16360 = -5*j, -5 - 10 = 5*r. List the prime factors of j.
7, 467
What are the prime factors of (-3)/(-9) + 8/((-144)/(-23574))?
2, 5, 131
Suppose 12 = -3*p - 33. Let i = -46 + 341. List the prime factors of 2/6 - i/p.
2, 5
Let h = 58 - 36. Suppose -5*k = g - 113 + h, 5*g - 339 = 4*k. What are the prime factors of g?
71
Let d(v) = 7*v**2 + v - 1. Let z = -12 + 13. Let a be d(z). Let h = a - -16. What are the prime factors of h?
23
Suppose -5*t + 3*n = n - 29, 3*n + 5 = 2*t. Suppose t*j + 235 = 1138. What are the prime factors of j?
3, 43
Suppose -19*f + 18437 = 6258. List the prime factors of f.
641
Suppose -6*h + 2*h - 16 = 4*a, 29 = -5*h - 2*a. Let n be (-4 - (3 + -9)) + h. List the prime factors of (44/55)/((-1)/n).
2
Let w(h) = 264*h + 27. List the prime factors of w(1).
3, 97
Let l be 4*((-7)/(-2))/(-7). Let q(i) = i**2 - 1. Let c be q(l). Suppose 4*f - 18 = c*f. What are the prime factors of f?
2, 3
Let x = 1250 + -853. List the prime factors of x.
397
Let k = -261 + 1341. List the prime factors of k.
2, 3, 5
Let n be 49/1 - (4 - 5). Suppose 100 + n = 5*q. What are the prime factors of q?
2, 3, 5
Suppose 12337 = 10*q + 4157. Suppose -2*p = 5*k - 0*p - 1024, -4*k - p = -q. What are the prime factors of k?
2, 3, 17
Let m(d) = 58*d - 2. Let v be m(2). Let p = -81 + v. List the prime factors of p.
3, 11
Suppose 2*i - 54 = -0*i. Suppose -5*g - 294 = -4*t - 10*g, t = -4*g + 79. Let d = t - i. What are the prime factors of d?
2, 11
Suppose -5*l = -148 - 1017. List the prime factors of l.
233
Suppose n + 2*n - l - 217 = 0, -3*n = -2*l - 221. Let i = 108 - n. List the prime factors of i.
37
Let a = 1 - 0. Let w be (2 + 1 + -3)/a. Suppose w = k - 5*k + 24. What are the prime factors of k?
2, 3
Let n be 1/(((-9)/6)/(-3 + 6)). What are the prime factors of 80 + (-2)/n + 4?
5, 17
Suppose -271 = -10*u + 3509. Let k = u + -167. What are the prime factors of k?
211
Let p(z) = -88*z + 161*z + 4 - 72*z. Let j = -8 + 13. What are the prime factors of p(j)?
3
Let i = -44 - -44. Suppose i = 2*o + 2*o - 236. What are the prime factors of o?
59
Let o(h) = 2 - 1 - h - 3 + 1. Let p(w) = w**2 - 15*w - 2. Let l(i) = -o(i) - p(i). List the prime factors of l(14).
31
Let z(r) = -3*r - 15. Let l = -14 + 6. List the prime factors of z(l).
3
Let b be (-8)/6*(-78)/4. Let l = 462 + -458. Suppose -5*r + 3*i = -b + 4, 4*i + 16 = l*r. List the prime factors of r.
5
Suppose 2*o = -4*d + 86, -o - 2*o - 5*d = -130. Suppose -225 - o = 5*q. What are the prime factors of (-1686)/q + 4/(-18)?
31
Let u(s) = 2*s + s**2 - s - s**2 + 5*s**2. What are the prime factors of u(2)?
2, 11
Let c = -401 - -2141. List the prime factors of c.
2, 3, 5, 29
Suppose 9*m + 9 = 12*m. Suppose f - m*f = -376. What are the prime factors of f?
2, 47
Suppose -281*h + 13947 = 5*f - 278*h, -3*h = 3. List the prime factors of f.
2, 3, 5, 31